t(-11). Let z(f) = o*f + k*f**2 - 5 - 2*f**2 + f**2. What is z(-5)?
-5
Let v = 4 - 2. Let a(n) = 7*n - 1. Calculate a(v).
13
Let v(l) = l**3 + 6*l**2 + 2*l - 4. Suppose -2*i + 0*i = t - 25, 5*t = 2*i + 125. Suppose -t = 4*n + 4*y - 3*y, n + 3*y = -20. Give v(n).
11
Let d(c) be the second derivative of 0 + 1/6*c**3 + 0*c**4 - 2*c + 1/20*c**5 - c**2. Calculate d(2).
8
Let z(d) = -d - 1. Let c be z(-6). Suppose -4*b = -f - 4 + 3, -c*f + 2*b = -13. Let p(i) = 6*i - 2*i + 4 - f + 0. Calculate p(-1).
-3
Suppose -4*r = r + 30. Let c(d) = 11*d**2 + 26*d + 35. Let g(o) = 7*o**2 + 17*o + 23. Let q(x) = -5*c(x) + 8*g(x). What is q(r)?
9
Let n(a) be the first derivative of a**4/24 + a**3/3 - 2*a**2 - 3. Let s(i) be the second derivative of n(i). What is s(-5)?
-3
Let w(i) be the second derivative of -i**2 + 0 + 7/12*i**4 + 5*i + 1/20*i**5 + i**3. What is w(-6)?
-2
Let c(v) = v. Let y(p) = -3*p. Let d(w) = 4*c(w) + y(w). Determine d(1).
1
Let q(y) be the second derivative of -2*y**3/3 - 5*y**2/2 - 55*y. Determine q(-5).
15
Let w(a) = -2*a**2 - 2*a + 4. Let b(u) = 5*u + 2*u + u**2 - 2*u**2 - 9. Let x be b(6). Calculate w(x).
-8
Let s be 12/(-42) - (-4)/14. Let c(p) = -2*p**3 - p**3 - p**2 - 6 + 4*p**3. Calculate c(s).
-6
Let h(j) = -2*j - 2*j - 2*j + 3*j**2. Let x(v) = v**2 + 1. Let d(c) = -h(c) + 2*x(c). Determine d(6).
2
Let j(t) be the first derivative of -5*t + 2*t**3 + 1/4*t**4 - t**2 + 2. Give j(-6).
7
Let l(t) = t**2 - 8*t + 7. Let h be l(5). Let k = h - -9. Let j(i) = 0 - 2 + 3 - i - 3*i**2. Calculate j(k).
-3
Let r(h) be the third derivative of h**5/60 - h**4/6 + h**3 - h**2. Suppose 2*j = 6*j. Let l = 5 - j. Give r(l).
11
Let t(i) = 2*i + 3. Let z be t(-3). Let k = -1 - z. Let r(w) = w. What is r(k)?
2
Let v(w) = -w**2 + w - 1. Let n(l) = -7*l**2 + 5*l - 15. Let o(t) = n(t) - 6*v(t). Determine o(0).
-9
Let b be ((-4)/6)/((-3)/9). Let m(i) = -i - 1. Let g(r) = -3*r**2 + 0 + 2*r**2 + 6*r + 1. Let u(x) = g(x) + 2*m(x). Give u(b).
3
Suppose 3 + 6 = 3*n. Let y(w) = 7*w - 2*w + w**2 + 0 + n. Determine y(-5).
3
Suppose -3*l + 2*w = w + 9, 5*l + 3*w + 1 = 0. Let f be l/(-4) + (-2)/4. Let d(y) = y**2 + y - 6. What is d(f)?
-6
Let j(u) = -u**2 + 2*u + 3. Let h be 3*(-3 + 2 + 2). Let l be j(h). Let o(s) = -4 - s - 2 + s**2 + 0. Give o(l).
-6
Let q(r) = -4*r - r + 6*r + 4 - 3*r. Determine q(-4).
12
Let d(f) be the third derivative of f**6/120 - 7*f**5/60 + 7*f**4/24 - f**3/6 + 2*f**2. Let k = 28 + -19. Let r = k + -3. What is d(r)?
5
Let y(l) be the second derivative of 5*l**3/3 + 5*l**2 + l. Let x(h) = 3*h + 3. Let i(a) = 7*x(a) - 2*y(a). Let t = -108 + 105. Calculate i(t).
-2
Let a be 2/(-6) + 44/6. Let f(c) = c + 5*c**2 + a*c - c - c**3 - 7. Determine f(6).
-1
Suppose -z = -2*s - 2*s + 9, 18 = 5*z + s. Let f(y) = y**z - 2 - 6 - 4*y**2 + 2 - 6*y. Determine f(5).
-11
Suppose 2*y + k = 0, 5*k + 1 + 5 = -4*y. Let r(j) = 3*j - 1. What is r(y)?
2
Suppose -16 = a + 5*m, -a + 5*a - 4*m = 32. Suppose -1 = -4*s + 7. Let l(r) = -4*r**2 + r**3 + 2 + r**s - 3*r + 0*r. Calculate l(a).
6
Let v(w) = w**2 - 2*w - 4. Suppose -3*j + 4*j - 4 = 0. Let i = 2 + j. Let f(g) = -g**2 + 8*g - 8. Let m be f(i). Give v(m).
4
Let w = 191 + -179. Let q(v) = -v**3 + 11*v**2 + 10*v + 16. What is q(w)?
-8
Let w(y) = -4 + 0*y**2 + y**3 + y**2 + 3*y**2. Let d(u) = u**3 + 6*u**2 - 4*u + 17. Let v be d(-7). Determine w(v).
-4
Let q(y) be the second derivative of y**4/12 - y**3 - y**2/2 + 27*y. Give q(5).
-6
Let z(x) = -2*x**2 - 4*x - 2. Let h(t) = -t**2 + 10*t + 8. Let y be h(11). Determine z(y).
-8
Let z(k) be the first derivative of k**4/2 + 2*k**3/3 + k**2/2 + 2*k - 35. Determine z(-2).
-8
Let y(n) be the second derivative of n**3/3 - 3*n**2 + n. Let c be y(4). Suppose -5*q = 15, 0*v - 5*v - 4 = -c*q. Let o(d) = 3*d**2 + 3*d. Give o(v).
6
Suppose -4*v = 2*l - 8, 4*l - 1 = 4*v - 21. Let r(f) = -2*f**2 + 3*f + 3. What is r(v)?
-6
Let y(z) = -z**2 + 3*z + 3. Let p be 2/(-3) - 34/(-6). Suppose 2*j - p*j = -24. Suppose 5*t = -5*l, j = -6*t + 4*t. Calculate y(l).
-1
Let f = 19 + -17. Let y(z) = -218*z**f - 5*z + 114*z**2 + 103*z**2. Let c = -5 - 1. Give y(c).
-6
Let u = -50 - -56. Let q(c) = c**3 - 6*c**2 - 5*c + 5. What is q(u)?
-25
Let o(a) be the third derivative of 5*a**2 + 0*a + 0*a**3 + 0 + 3/40*a**6 + 0*a**4 - 1/60*a**5. Give o(1).
8
Let t(z) = -5*z**3 + 8*z**2 - 2*z + 2. Let v(c) = 9*c**3 - 15*c**2 + 4*c - 4. Let f(l) = 11*t(l) + 6*v(l). Let y be (1/((-3)/12))/(-2). Determine f(y).
-14
Suppose -4*u - 5*m - 24 = 0, -5*m + 13 - 1 = -2*u. Let x(r) = r**2 + 8*r + 7. Give x(u).
-5
Let x be 4/(-18) - 611/(-117). Suppose -5*u + u + 4*s + 8 = 0, 0 = -u + 2*s - 3. Let j(q) = -u + 3 + 2*q - q. Determine j(x).
1
Let f(g) = g**3 + 5*g**2 - 9*g - 2. Let h(j) = j**3 + 5*j**2 - 8*j - 1. Let p(v) = 2*f(v) - 3*h(v). Let m = 10 + -16. Calculate p(m).
-1
Let o = -22 - -20. Let x(y) = y**2 - y. Let s(u) = 6*u**2 - 8*u + 1. Let i(n) = -2*s(n) + 14*x(n). Give i(o).
2
Let t(u) = 5*u + 2 + 0 + 3*u**2 + 0*u**2 - 2*u**2. Determine t(-5).
2
Let v(z) = 3*z + 4 + 2*z**2 + 0 - 3*z**2. Let u(h) = -h - 2. Let i be u(-2). Let o = i - -4. Calculate v(o).
0
Let s(u) = -4*u + 10. Let m(z) = 3*z - 8. Let a(q) = 5*m(q) + 4*s(q). Let h be (4/(-2))/(-2) + -3. What is a(h)?
2
Let j be (12 - 6)*2/2. Suppose 4*n + 3 = -5*m, 0*n - 4*n - j = 2*m. Let b(o) = 5*o + 3. Give b(n).
-7
Let i(p) = -2*p + 7. Suppose -2*d = -d - 25. Suppose 2*g + d = 7*g. Calculate i(g).
-3
Let m(l) = l**2 - 1. Suppose -5*h + 11 = -4*q, 5*h = -0*h + 15. Give m(q).
0
Let d(c) = c**2 + 6 - 4*c**3 - 2 + 3*c**2 + 5*c**3. Calculate d(-4).
4
Let b(v) = 6 + v + v**2 - 3*v + 3*v. Let c(r) = -r**2 + 5*r - 3. Let w be c(4). Let k = w + -1. Calculate b(k).
6
Let u(t) = -1 - 3*t + 7*t**2 + 4*t - 9*t**2 + 3*t**2. Give u(-1).
-1
Let z(f) be the second derivative of f**5/20 + 5*f**4/12 + 5*f**3/6 + 5*f**2/2 + f. Suppose 5*v = 4*v - 4. What is z(v)?
1
Let m(w) = -w**2 + 4*w + 8. Suppose 2*d + 4 = -0*d. Let j be 2 + 0 + (-4)/d. Suppose 3*n + 42 = 8*n + j*i, 4*i - 18 = -n. Determine m(n).
-4
Let c(u) = -2*u**2 - 5*u + 13. Let x(s) = -s**2 - 2*s + 4. Let p(h) = 2*c(h) - 7*x(h). Give p(-4).
30
Let d(p) = p**3 - 3*p**2 + p. Let k(x) = -4*x - 10. Let i be k(-3). Give d(i).
-2
Let n(l) = 4*l + 3. Suppose 6*k + 24 = 2*k. Let d(t) = -t**3 - 5*t**2 + 6*t - 2. Let q be d(k). Determine n(q).
-5
Let d be 33/12 + (-21)/28. Let j(f) = 2*f**3 - 3*f**2. What is j(d)?
4
Let c be -2*(1 - (-36)/8 - 2). Let x(z) = z**3 + 6*z**2 - 6*z + 9. Give x(c).
2
Let q(o) be the third derivative of -2/3*o**3 + 0*o + 0 - 1/24*o**4 - o**2. Give q(4).
-8
Let b(j) = -j**3 + 2*j**2 + j - 2. Let u = -22 + 24. Determine b(u).
0
Let y(b) be the first derivative of b**4/4 + 4*b**3/3 + 3*b**2/2 + 3*b - 27. What is y(-2)?
5
Let d(r) = 6*r**3 - r**2 - 4*r + 3. Let u(z) = 0*z + z**3 + 2*z - 2*z. Let n(i) = -d(i) + 5*u(i). Calculate n(3).
-9
Let k(r) be the second derivative of -r**4/12 - 2*r**3/3 + 7*r**2/2 - 7*r. Determine k(-5).
2
Let z(v) = v**3 + v**2. Let d be z(1). Suppose 0*m + 3*i + 3 = -d*m, -4*m - 5 = 5*i. Let l(q) = m*q**3 - q**2 + 2 + 6*q - q**3 - 3*q. Determine l(-2).
0
Let u(i) = -3*i**2 + i - 3. Let c be (-5)/(-15)*(10 + -1). Let q be (-1)/(-2 + c)*7. Let o(b) = 10*b**2 - 2*b + 10. Let z(k) = q*u(k) - 2*o(k). Give z(2).
-1
Let b(j) = 8*j + 10*j - 32*j + 2 + 15*j. Give b(-3).
-1
Let y(j) = j - 4. Let a be y(5). Let b(c) = -2*c - 2*c**2 - 7*c**3 + 0*c**3 + c + 2*c. What is b(a)?
-8
Let o(a) = a**3 + a**2 + a + 4. Let c be o(0). Let y(k) = 2*k**2 - 2*k - 1. Let p be y(2). Let q(d) = -4*d**2 - 5 + 5*d**3 + 2 - d**3 - 3*d**p. Calculate q(c).
-3
Suppose 13 - 3 = 2*k. Let b(s) = -s**2 + 7*s - 1. Calculate b(k).
9
Suppose 0 = 3*s - 6, s = -2*k - 2*s + 16. Let l(b) = 2*b. What is l(k)?
10
Let p(v) = v**3 + 4*v**2 + 2*v + 1. Let i(y) = y**3 + 11*y**2 + 8*y - 22. Let d be i(-10). Calculate p(d).
5
Let d(o) be the second derivative of o**7/2520 - o**6/360 - o**5/30 - 2*o**4/3 - 7*o. Let a(l) be the third derivative of d(l). What is a(5)?
11
Let u(p) be the first derivative of 3*p**2/2 - 11*p + 3. Let k(h) = h - 4. Let x(o) = -17*k(o) + 6*u(o). Give x(2).
4
Let s(d) be the second derivative of -d**3/6 + 4*d**2 - d. Determine s(0).
8
Suppose 0 = -4*z + 2*z + 30. Suppose -u + 4*r - 3 = 0, 3*r + z = -9*u + 4*u. Let